{"id":5515,"date":"2025-01-28T21:49:34","date_gmt":"2025-01-28T21:49:34","guid":{"rendered":"https:\/\/preview.naapothemes.net\/kraft\/onepage1\/?page_id=5515"},"modified":"2026-04-17T10:15:05","modified_gmt":"2026-04-17T10:15:05","slug":"about","status":"publish","type":"page","link":"https:\/\/annadona.it\/index.php\/about\/","title":{"rendered":"Chi sono"},"content":{"rendered":"<div class=\"wpb-content-wrapper\"><p>[vc_row full_width=&#8221;stretch_row_content&#8221; full_height=&#8221;yes&#8221; columns_placement=&#8221;stretch&#8221; css=&#8221;.vc_custom_1775999017451{padding-bottom: 120px !important;padding-left: -15px !important;}&#8221;][vc_column width=&#8221;1\/2&#8243;][vc_single_image image=&#8221;5653&#8243; img_size=&#8221;full&#8221; css=&#8221;.vc_custom_1775326116998{margin-left: -15px !important;}&#8221;][\/vc_column][vc_column width=&#8221;1\/2&#8243; css=&#8221;.vc_custom_1775999097653{padding-top: 300px !important;padding-bottom: 100px !important;padding-left: 100px !important;}&#8221; el_class=&#8221;text-col-about&#8221;][vc_column_text css=&#8221;&#8221;]<\/p>\n<p style=\"line-height: 1.8; color: #111;\">A chi mi chiede di dove sono rispondo sempre: <em>veneta di nascita, bolognese d&#8217;adozione e torinese per scelta.<\/em><\/p>\n<p style=\"line-height: 1.8; color: #111;\">Nata e cresciuta a Vicenza, infatti, dopo il liceo linguistico mi sono trasferita a <strong>Bologna<\/strong> per studiare <strong>Lingue e letterature straniere<\/strong> (e per bere birrette seduta sui sampietrini di Piazza San Francesco, lo ammetto). Ho sempre avuto un grande talento per la scrittura, bilanciato per\u00f2 da una scarsa dose di fantasia. \u00c8 per questo che, quando ho incontrato la traduzione letteraria, non ho pi\u00f9 avuto dubbi sul mio destino: <strong>avrei scritto i libri degli altri<\/strong>.<\/p>\n<p style=\"line-height: 1.8; color: #111;\">Ho quindi lasciato a malincuore i miei amati portici rossi e mi sono trasferita a <strong>Torino<\/strong>, dove ho adottato Elio, il mio dolcissimo gatto ficcanaso, e conseguito la <strong>laurea magistrale in Traduzione<\/strong> con il massimo dei voti.<\/p>\n<p style=\"line-height: 1.8; color: #111;\">Nel frattempo, desiderosa di sporcarmi le mani il prima possibile, nel tempo libero ho seguito diversi <strong>corsi<\/strong> di traduzione dal taglio pi\u00f9 pratico, lavorando soprattutto con inglese e spagnolo. Tra tutti, quello che mi ha lasciato di pi\u00f9 \u00e8 stato il corso tenuto dalla straordinaria traduttrice Ilide Carmignani, a cui devo una parte importante della mia formazione.<\/p>\n<p style=\"line-height: 1.8; color: #111;\">Nello stesso periodo, non contenta, ho partecipato anche a numerosi <strong>corsi professionalizzanti di editoria<\/strong>, tra cui quelli di <strong>Scuola Belleville<\/strong>, dell&#8217;associazione culturale <strong>Gri\u00f3<\/strong> e dell&#8217;agenzia letteraria <strong>Herzog<\/strong>. Cos\u00ec, al mio amore per la traduzione si \u00e8 aggiunta la passione viscerale per il mondo dell&#8217;<strong>editing <\/strong>e della<strong> correzione bozze<\/strong>. Guidata da questo sentimento ho iniziato a darmi da fare, riuscendo, non senza qualche fatica, a svolgere prima tirocini e poi collaborazioni lavorative sul campo.<\/p>\n<p style=\"line-height: 1.8; color: #111;\">Negli anni ho potuto collaborare con realt\u00e0 editoriali come <strong>Edizioni Primavera<\/strong>, <strong>Canicola Edizioni<\/strong>, <strong>ADD editore<\/strong>, <strong>Milano edit<\/strong> e <strong>Blackie Edizioni<\/strong>, lavorando su molti libri come correttrice di bozze, editor o traduttrice. Nel 2026 sono entrata a far parte dei soci aggregati di <strong>AITI<\/strong> (Associazione Italiana Traduttori e Interpreti).<\/p>\n<p style=\"line-height: 1.8; color: #111;\">Parallelamente, ho sempre nutrito un sentimento speciale per la <strong>poesia<\/strong>. Ne leggo moltissima, ne scrivo quanto basta e faccio parte del panorama italiano di <em>poetry<\/em> <em>slam<\/em> (poesia performativa). \u00c8 uno spazio molto diverso dal lavoro editoriale, ma complementare: mi ricorda continuamente quanto la lingua sia viva e in costante trasformazione. Sto ancora cercando di capire dove schierarmi nel sempreverde dibattito sulla traduzione poetica.<\/p>\n<p>[\/vc_column_text][vc_btn title=&#8221;scopri i miei servizi&#8221; style=&#8221;flat&#8221; shape=&#8221;round&#8221; color=&#8221;black&#8221; css=&#8221;.vc_custom_1775319151910{margin-top: 50px !important;}&#8221; link=&#8221;url:https%3A%2F%2Fannadona.it%2Findex.php%2Fservices%2F|title:Services&#8221;][\/vc_column][\/vc_row]<\/p>\n<\/div>","protected":false},"excerpt":{"rendered":"<p>[vc_row full_width=&#8221;stretch_row_content&#8221; full_height=&#8221;yes&#8221; columns_placement=&#8221;stretch&#8221; css=&#8221;.vc_custom_1775999017451{padding-bottom: 120px !important;padding-left: -15px !important;}&#8221;][vc_column width=&#8221;1\/2&#8243;][vc_single_image image=&#8221;5653&#8243; img_size=&#8221;full&#8221; css=&#8221;.vc_custom_1775326116998{margin-left: -15px !important;}&#8221;][\/vc_column][vc_column width=&#8221;1\/2&#8243; css=&#8221;.vc_custom_1775999097653{padding-top: 300px !important;padding-bottom: 100px !important;padding-left: 100px !important;}&#8221; el_class=&#8221;text-col-about&#8221;][vc_column_text css=&#8221;&#8221;] A chi mi chiede di dove sono rispondo sempre: veneta di nascita, bolognese d&#8217;adozione e torinese per scelta. Nata e cresciuta a Vicenza, infatti, dopo il liceo linguistico mi sono [&hellip;]<\/p>\n","protected":false},"author":2,"featured_media":0,"parent":0,"menu_order":1,"comment_status":"closed","ping_status":"closed","template":"page.php","meta":{"footnotes":""},"class_list":["post-5515","page","type-page","status-publish","hentry"],"yoast_head":"<!-- This site is optimized with the Yoast SEO plugin v27.4 - https:\/\/yoast.com\/product\/yoast-seo-wordpress\/ -->\n<title>Chi sono - Anna Don\u00e0<\/title>\n<meta name=\"robots\" content=\"index, follow, max-snippet:-1, max-image-preview:large, max-video-preview:-1\" \/>\n<link rel=\"canonical\" href=\"https:\/\/annadona.it\/index.php\/about\/\" \/>\n<meta property=\"og:locale\" content=\"it_IT\" \/>\n<meta property=\"og:type\" content=\"article\" \/>\n<meta property=\"og:title\" content=\"Chi sono - Anna Don\u00e0\" \/>\n<meta property=\"og:description\" content=\"[vc_row full_width=&#8221;stretch_row_content&#8221; full_height=&#8221;yes&#8221; columns_placement=&#8221;stretch&#8221; css=&#8221;.vc_custom_1775999017451{padding-bottom: 120px !important;padding-left: -15px !important;}&#8221;][vc_column width=&#8221;1\/2&#8243;][vc_single_image image=&#8221;5653&#8243; img_size=&#8221;full&#8221; css=&#8221;.vc_custom_1775326116998{margin-left: -15px !important;}&#8221;][\/vc_column][vc_column width=&#8221;1\/2&#8243; css=&#8221;.vc_custom_1775999097653{padding-top: 300px !important;padding-bottom: 100px !important;padding-left: 100px !important;}&#8221; el_class=&#8221;text-col-about&#8221;][vc_column_text css=&#8221;&#8221;] A chi mi chiede di dove sono rispondo sempre: veneta di nascita, bolognese d&#8217;adozione e torinese per scelta. Nata e cresciuta a Vicenza, infatti, dopo il liceo linguistico mi sono [&hellip;]\" \/>\n<meta property=\"og:url\" content=\"https:\/\/annadona.it\/index.php\/about\/\" \/>\n<meta property=\"og:site_name\" content=\"Anna Don\u00e0\" \/>\n<meta property=\"article:modified_time\" content=\"2026-04-17T10:15:05+00:00\" \/>\n<meta name=\"twitter:card\" content=\"summary_large_image\" \/>\n<meta name=\"twitter:label1\" content=\"Tempo di lettura stimato\" \/>\n\t<meta name=\"twitter:data1\" content=\"2 minuti\" \/>\n<script type=\"application\/ld+json\" class=\"yoast-schema-graph\">{\"@context\":\"https:\\\/\\\/schema.org\",\"@graph\":[{\"@type\":\"WebPage\",\"@id\":\"https:\\\/\\\/annadona.it\\\/index.php\\\/about\\\/\",\"url\":\"https:\\\/\\\/annadona.it\\\/index.php\\\/about\\\/\",\"name\":\"Chi sono - Anna Don\u00e0\",\"isPartOf\":{\"@id\":\"https:\\\/\\\/annadona.it\\\/#website\"},\"datePublished\":\"2025-01-28T21:49:34+00:00\",\"dateModified\":\"2026-04-17T10:15:05+00:00\",\"breadcrumb\":{\"@id\":\"https:\\\/\\\/annadona.it\\\/index.php\\\/about\\\/#breadcrumb\"},\"inLanguage\":\"it-IT\",\"potentialAction\":[{\"@type\":\"ReadAction\",\"target\":[\"https:\\\/\\\/annadona.it\\\/index.php\\\/about\\\/\"]}]},{\"@type\":\"BreadcrumbList\",\"@id\":\"https:\\\/\\\/annadona.it\\\/index.php\\\/about\\\/#breadcrumb\",\"itemListElement\":[{\"@type\":\"ListItem\",\"position\":1,\"name\":\"Home\",\"item\":\"https:\\\/\\\/annadona.it\\\/\"},{\"@type\":\"ListItem\",\"position\":2,\"name\":\"Chi sono\"}]},{\"@type\":\"WebSite\",\"@id\":\"https:\\\/\\\/annadona.it\\\/#website\",\"url\":\"https:\\\/\\\/annadona.it\\\/\",\"name\":\"Anna Don\u00e0\",\"description\":\"la sartoria del testo\",\"potentialAction\":[{\"@type\":\"SearchAction\",\"target\":{\"@type\":\"EntryPoint\",\"urlTemplate\":\"https:\\\/\\\/annadona.it\\\/?s={search_term_string}\"},\"query-input\":{\"@type\":\"PropertyValueSpecification\",\"valueRequired\":true,\"valueName\":\"search_term_string\"}}],\"inLanguage\":\"it-IT\"}]}<\/script>\n<!-- \/ Yoast SEO plugin. -->","yoast_head_json":{"title":"Chi sono - Anna Don\u00e0","robots":{"index":"index","follow":"follow","max-snippet":"max-snippet:-1","max-image-preview":"max-image-preview:large","max-video-preview":"max-video-preview:-1"},"canonical":"https:\/\/annadona.it\/index.php\/about\/","og_locale":"it_IT","og_type":"article","og_title":"Chi sono - Anna Don\u00e0","og_description":"[vc_row full_width=&#8221;stretch_row_content&#8221; full_height=&#8221;yes&#8221; columns_placement=&#8221;stretch&#8221; css=&#8221;.vc_custom_1775999017451{padding-bottom: 120px !important;padding-left: -15px !important;}&#8221;][vc_column width=&#8221;1\/2&#8243;][vc_single_image image=&#8221;5653&#8243; img_size=&#8221;full&#8221; css=&#8221;.vc_custom_1775326116998{margin-left: -15px !important;}&#8221;][\/vc_column][vc_column width=&#8221;1\/2&#8243; css=&#8221;.vc_custom_1775999097653{padding-top: 300px !important;padding-bottom: 100px !important;padding-left: 100px !important;}&#8221; el_class=&#8221;text-col-about&#8221;][vc_column_text css=&#8221;&#8221;] A chi mi chiede di dove sono rispondo sempre: veneta di nascita, bolognese d&#8217;adozione e torinese per scelta. Nata e cresciuta a Vicenza, infatti, dopo il liceo linguistico mi sono [&hellip;]","og_url":"https:\/\/annadona.it\/index.php\/about\/","og_site_name":"Anna Don\u00e0","article_modified_time":"2026-04-17T10:15:05+00:00","twitter_card":"summary_large_image","twitter_misc":{"Tempo di lettura stimato":"2 minuti"},"schema":{"@context":"https:\/\/schema.org","@graph":[{"@type":"WebPage","@id":"https:\/\/annadona.it\/index.php\/about\/","url":"https:\/\/annadona.it\/index.php\/about\/","name":"Chi sono - Anna Don\u00e0","isPartOf":{"@id":"https:\/\/annadona.it\/#website"},"datePublished":"2025-01-28T21:49:34+00:00","dateModified":"2026-04-17T10:15:05+00:00","breadcrumb":{"@id":"https:\/\/annadona.it\/index.php\/about\/#breadcrumb"},"inLanguage":"it-IT","potentialAction":[{"@type":"ReadAction","target":["https:\/\/annadona.it\/index.php\/about\/"]}]},{"@type":"BreadcrumbList","@id":"https:\/\/annadona.it\/index.php\/about\/#breadcrumb","itemListElement":[{"@type":"ListItem","position":1,"name":"Home","item":"https:\/\/annadona.it\/"},{"@type":"ListItem","position":2,"name":"Chi sono"}]},{"@type":"WebSite","@id":"https:\/\/annadona.it\/#website","url":"https:\/\/annadona.it\/","name":"Anna Don\u00e0","description":"la sartoria del testo","potentialAction":[{"@type":"SearchAction","target":{"@type":"EntryPoint","urlTemplate":"https:\/\/annadona.it\/?s={search_term_string}"},"query-input":{"@type":"PropertyValueSpecification","valueRequired":true,"valueName":"search_term_string"}}],"inLanguage":"it-IT"}]}},"_links":{"self":[{"href":"https:\/\/annadona.it\/index.php\/wp-json\/wp\/v2\/pages\/5515","targetHints":{"allow":["GET"]}}],"collection":[{"href":"https:\/\/annadona.it\/index.php\/wp-json\/wp\/v2\/pages"}],"about":[{"href":"https:\/\/annadona.it\/index.php\/wp-json\/wp\/v2\/types\/page"}],"author":[{"embeddable":true,"href":"https:\/\/annadona.it\/index.php\/wp-json\/wp\/v2\/users\/2"}],"replies":[{"embeddable":true,"href":"https:\/\/annadona.it\/index.php\/wp-json\/wp\/v2\/comments?post=5515"}],"version-history":[{"count":19,"href":"https:\/\/annadona.it\/index.php\/wp-json\/wp\/v2\/pages\/5515\/revisions"}],"predecessor-version":[{"id":5838,"href":"https:\/\/annadona.it\/index.php\/wp-json\/wp\/v2\/pages\/5515\/revisions\/5838"}],"wp:attachment":[{"href":"https:\/\/annadona.it\/index.php\/wp-json\/wp\/v2\/media?parent=5515"}],"curies":[{"name":"wp","href":"https:\/\/api.w.org\/{rel}","templated":true}]}}